{"id":121,"date":"2020-10-05T17:41:39","date_gmt":"2020-10-05T22:41:39","guid":{"rendered":"http:\/\/www.trmanagementsac.com\/inicio\/?page_id=121"},"modified":"2021-12-08T13:03:50","modified_gmt":"2021-12-08T18:03:50","slug":"gestion-de-personas","status":"publish","type":"page","link":"https:\/\/www.trmanagementsac.com\/inicio\/gestion-de-personas\/","title":{"rendered":"Gesti\u00f3n de Personas"},"content":{"rendered":"\t\t<div data-elementor-type=\"wp-page\" data-elementor-id=\"121\" class=\"elementor elementor-121\">\n\t\t\t\t\t\t<section class=\"elementor-section elementor-top-section elementor-element elementor-element-744d39f elementor-section-boxed elementor-section-height-default elementor-section-height-default\" data-id=\"744d39f\" data-element_type=\"section\">\n\t\t\t\t\t\t<div class=\"elementor-container elementor-column-gap-default\">\n\t\t\t\t\t<div class=\"elementor-column elementor-col-100 elementor-top-column elementor-element elementor-element-153b4b3\" data-id=\"153b4b3\" data-element_type=\"column\">\n\t\t\t<div class=\"elementor-widget-wrap elementor-element-populated\">\n\t\t\t\t\t\t<div class=\"elementor-element elementor-element-9a76adf elementor-widget elementor-widget-text-editor\" data-id=\"9a76adf\" data-element_type=\"widget\" data-widget_type=\"text-editor.default\">\n\t\t\t\t<div class=\"elementor-widget-container\">\n\t\t\t\t\t\t\t\t\t<p>Potencie sus equipos de alto rendimiento con nuestros servicios de Hunting Boutique, RPO, Evaluaciones, Estudios de bandas salariales y Capacitaci\u00f3n. Recursos que ponemos a su disposici\u00f3n y le permitir\u00e1n contar con una mirada global y el major talento que se adapte a sus necesidades espec\u00edficas.<\/p>\t\t\t\t\t\t\t\t<\/div>\n\t\t\t\t<\/div>\n\t\t\t\t<section class=\"elementor-section elementor-inner-section elementor-element elementor-element-4db8398 elementor-section-boxed elementor-section-height-default elementor-section-height-default\" data-id=\"4db8398\" data-element_type=\"section\">\n\t\t\t\t\t\t<div class=\"elementor-container elementor-column-gap-default\">\n\t\t\t\t\t<div class=\"elementor-column elementor-col-50 elementor-inner-column elementor-element elementor-element-cb1233f\" data-id=\"cb1233f\" data-element_type=\"column\">\n\t\t\t<div class=\"elementor-widget-wrap elementor-element-populated\">\n\t\t\t\t\t\t<div class=\"elementor-element elementor-element-8604a52 elementor-widget elementor-widget-image\" data-id=\"8604a52\" data-element_type=\"widget\" data-widget_type=\"image.default\">\n\t\t\t\t<div class=\"elementor-widget-container\">\n\t\t\t\t\t\t\t\t\t\t\t\t\t\t\t<img fetchpriority=\"high\" decoding=\"async\" width=\"1024\" height=\"682\" src=\"https:\/\/www.trmanagementsac.com\/inicio\/wp-content\/uploads\/2021\/11\/hunting-1024x682.jpeg\" class=\"attachment-large size-large wp-image-977\" alt=\"\" srcset=\"https:\/\/www.trmanagementsac.com\/inicio\/wp-content\/uploads\/2021\/11\/hunting-1024x682.jpeg 1024w, https:\/\/www.trmanagementsac.com\/inicio\/wp-content\/uploads\/2021\/11\/hunting-400x267.jpeg 400w, https:\/\/www.trmanagementsac.com\/inicio\/wp-content\/uploads\/2021\/11\/hunting-768x512.jpeg 768w, https:\/\/www.trmanagementsac.com\/inicio\/wp-content\/uploads\/2021\/11\/hunting-920x613.jpeg 920w, https:\/\/www.trmanagementsac.com\/inicio\/wp-content\/uploads\/2021\/11\/hunting-230x153.jpeg 230w, https:\/\/www.trmanagementsac.com\/inicio\/wp-content\/uploads\/2021\/11\/hunting-350x233.jpeg 350w, https:\/\/www.trmanagementsac.com\/inicio\/wp-content\/uploads\/2021\/11\/hunting-480x320.jpeg 480w, https:\/\/www.trmanagementsac.com\/inicio\/wp-content\/uploads\/2021\/11\/hunting.jpeg 1280w\" sizes=\"(max-width: 1024px) 100vw, 1024px\" \/>\t\t\t\t\t\t\t\t\t\t\t\t\t\t\t<\/div>\n\t\t\t\t<\/div>\n\t\t\t\t\t<\/div>\n\t\t<\/div>\n\t\t\t\t<div class=\"elementor-column elementor-col-50 elementor-inner-column elementor-element elementor-element-d96106b\" data-id=\"d96106b\" data-element_type=\"column\">\n\t\t\t<div class=\"elementor-widget-wrap elementor-element-populated\">\n\t\t\t\t\t\t<div class=\"elementor-element elementor-element-861936c elementor-widget elementor-widget-heading\" data-id=\"861936c\" data-element_type=\"widget\" data-widget_type=\"heading.default\">\n\t\t\t\t<div class=\"elementor-widget-container\">\n\t\t\t\t\t<h2 class=\"elementor-heading-title elementor-size-large\">Hunting Boutique<\/h2>\t\t\t\t<\/div>\n\t\t\t\t<\/div>\n\t\t\t\t<div class=\"elementor-element elementor-element-f7d2e91 elementor-widget elementor-widget-text-editor\" data-id=\"f7d2e91\" data-element_type=\"widget\" data-widget_type=\"text-editor.default\">\n\t\t\t\t<div class=\"elementor-widget-container\">\n\t\t\t\t\t\t\t\t\t<p>Nuestro servicio de \u201cHunting Boutique\u201d destaca por los siguientes aspectos:<\/p><ul><li>Asertividad en la b\u00fasqueda a nivel nacional e internacional.<\/li><li>An\u00e1lisis de la compatibilidad geogr\u00e1fica, cultural y salarial por perfil.<\/li><li>Orientaci\u00f3n a resultados.<\/li><li>Estudio de bandas salariales por sector\/industria.<\/li><li>Garant\u00edas extendidas por perfil.<\/li><li>Evaluadores especialistas en cada rubro adem\u00e1s de evaluaciones psicolaborales.<\/li><li>Seguimiento a lo largo del periodo de garant\u00eda por posici\u00f3n.<\/li><\/ul>\t\t\t\t\t\t\t\t<\/div>\n\t\t\t\t<\/div>\n\t\t\t\t\t<\/div>\n\t\t<\/div>\n\t\t\t\t\t<\/div>\n\t\t<\/section>\n\t\t\t\t<div class=\"elementor-element elementor-element-ecc61ea elementor-widget-divider--view-line elementor-widget elementor-widget-divider\" data-id=\"ecc61ea\" data-element_type=\"widget\" data-widget_type=\"divider.default\">\n\t\t\t\t<div class=\"elementor-widget-container\">\n\t\t\t\t\t\t\t<div class=\"elementor-divider\">\n\t\t\t<span class=\"elementor-divider-separator\">\n\t\t\t\t\t\t<\/span>\n\t\t<\/div>\n\t\t\t\t\t\t<\/div>\n\t\t\t\t<\/div>\n\t\t\t\t<section class=\"elementor-section elementor-inner-section elementor-element elementor-element-8b42867 elementor-section-boxed elementor-section-height-default elementor-section-height-default\" data-id=\"8b42867\" data-element_type=\"section\">\n\t\t\t\t\t\t<div class=\"elementor-container elementor-column-gap-default\">\n\t\t\t\t\t<div class=\"elementor-column elementor-col-50 elementor-inner-column elementor-element elementor-element-cb700cb\" data-id=\"cb700cb\" data-element_type=\"column\">\n\t\t\t<div class=\"elementor-widget-wrap elementor-element-populated\">\n\t\t\t\t\t\t<div class=\"elementor-element elementor-element-61a8784 elementor-widget elementor-widget-image\" data-id=\"61a8784\" data-element_type=\"widget\" data-widget_type=\"image.default\">\n\t\t\t\t<div class=\"elementor-widget-container\">\n\t\t\t\t\t\t\t\t\t\t\t\t\t\t\t<img decoding=\"async\" width=\"1024\" height=\"682\" src=\"https:\/\/www.trmanagementsac.com\/inicio\/wp-content\/uploads\/2021\/11\/rpo-1024x682.jpeg\" class=\"attachment-large size-large wp-image-973\" alt=\"\" srcset=\"https:\/\/www.trmanagementsac.com\/inicio\/wp-content\/uploads\/2021\/11\/rpo-1024x682.jpeg 1024w, https:\/\/www.trmanagementsac.com\/inicio\/wp-content\/uploads\/2021\/11\/rpo-400x267.jpeg 400w, https:\/\/www.trmanagementsac.com\/inicio\/wp-content\/uploads\/2021\/11\/rpo-768x512.jpeg 768w, https:\/\/www.trmanagementsac.com\/inicio\/wp-content\/uploads\/2021\/11\/rpo-920x613.jpeg 920w, https:\/\/www.trmanagementsac.com\/inicio\/wp-content\/uploads\/2021\/11\/rpo-230x153.jpeg 230w, https:\/\/www.trmanagementsac.com\/inicio\/wp-content\/uploads\/2021\/11\/rpo-350x233.jpeg 350w, https:\/\/www.trmanagementsac.com\/inicio\/wp-content\/uploads\/2021\/11\/rpo-480x320.jpeg 480w, https:\/\/www.trmanagementsac.com\/inicio\/wp-content\/uploads\/2021\/11\/rpo.jpeg 1280w\" sizes=\"(max-width: 1024px) 100vw, 1024px\" \/>\t\t\t\t\t\t\t\t\t\t\t\t\t\t\t<\/div>\n\t\t\t\t<\/div>\n\t\t\t\t\t<\/div>\n\t\t<\/div>\n\t\t\t\t<div class=\"elementor-column elementor-col-50 elementor-inner-column elementor-element elementor-element-6286199\" data-id=\"6286199\" data-element_type=\"column\">\n\t\t\t<div class=\"elementor-widget-wrap elementor-element-populated\">\n\t\t\t\t\t\t<div class=\"elementor-element elementor-element-6d815ed elementor-widget elementor-widget-heading\" data-id=\"6d815ed\" data-element_type=\"widget\" data-widget_type=\"heading.default\">\n\t\t\t\t<div class=\"elementor-widget-container\">\n\t\t\t\t\t<h2 class=\"elementor-heading-title elementor-size-large\">RPO<\/h2>\t\t\t\t<\/div>\n\t\t\t\t<\/div>\n\t\t\t\t<div class=\"elementor-element elementor-element-61a818d elementor-widget elementor-widget-text-editor\" data-id=\"61a818d\" data-element_type=\"widget\" data-widget_type=\"text-editor.default\">\n\t\t\t\t<div class=\"elementor-widget-container\">\n\t\t\t\t\t\t\t\t\t<p>Entendemos la necesidad de iniciar un Proyecto de envergadura y la responsabilidad que ello implica, motivo por el cual ofrecemos el \u201cRecruiting Process Outsoricing\u201d por un periodo espec\u00edfico y a demanda.<\/p>\n<p>De igual forma que en el servicio de Hunting Boutique, se ofrecen garant\u00edas extendidas, siempre que se considere una remuneraci\u00f3n acorde al mercado en el que se requiera el servicio y el salario integral.<\/p><p>Las condiciones son negociables seg\u00fan el n\u00famero de posiciones a cubrir, tiempo de cumplimiento y perfiles a hunteaer.<\/p>\t\t\t\t\t\t\t\t<\/div>\n\t\t\t\t<\/div>\n\t\t\t\t\t<\/div>\n\t\t<\/div>\n\t\t\t\t\t<\/div>\n\t\t<\/section>\n\t\t\t\t<div class=\"elementor-element elementor-element-5eaf959 elementor-widget-divider--view-line elementor-widget elementor-widget-divider\" data-id=\"5eaf959\" data-element_type=\"widget\" data-widget_type=\"divider.default\">\n\t\t\t\t<div class=\"elementor-widget-container\">\n\t\t\t\t\t\t\t<div class=\"elementor-divider\">\n\t\t\t<span class=\"elementor-divider-separator\">\n\t\t\t\t\t\t<\/span>\n\t\t<\/div>\n\t\t\t\t\t\t<\/div>\n\t\t\t\t<\/div>\n\t\t\t\t<section class=\"elementor-section elementor-inner-section elementor-element elementor-element-3f9e53c elementor-section-boxed elementor-section-height-default elementor-section-height-default\" data-id=\"3f9e53c\" data-element_type=\"section\">\n\t\t\t\t\t\t<div class=\"elementor-container elementor-column-gap-default\">\n\t\t\t\t\t<div class=\"elementor-column elementor-col-50 elementor-inner-column elementor-element elementor-element-eaedbf5\" data-id=\"eaedbf5\" data-element_type=\"column\">\n\t\t\t<div class=\"elementor-widget-wrap elementor-element-populated\">\n\t\t\t\t\t\t<div class=\"elementor-element elementor-element-40c4e32 elementor-widget elementor-widget-image\" data-id=\"40c4e32\" data-element_type=\"widget\" data-widget_type=\"image.default\">\n\t\t\t\t<div class=\"elementor-widget-container\">\n\t\t\t\t\t\t\t\t\t\t\t\t\t\t\t<img decoding=\"async\" width=\"1024\" height=\"682\" src=\"https:\/\/www.trmanagementsac.com\/inicio\/wp-content\/uploads\/2021\/11\/evaluaciones-1024x682.jpeg\" class=\"attachment-large size-large wp-image-988\" alt=\"\" srcset=\"https:\/\/www.trmanagementsac.com\/inicio\/wp-content\/uploads\/2021\/11\/evaluaciones-1024x682.jpeg 1024w, https:\/\/www.trmanagementsac.com\/inicio\/wp-content\/uploads\/2021\/11\/evaluaciones-400x267.jpeg 400w, https:\/\/www.trmanagementsac.com\/inicio\/wp-content\/uploads\/2021\/11\/evaluaciones-768x512.jpeg 768w, https:\/\/www.trmanagementsac.com\/inicio\/wp-content\/uploads\/2021\/11\/evaluaciones-920x613.jpeg 920w, https:\/\/www.trmanagementsac.com\/inicio\/wp-content\/uploads\/2021\/11\/evaluaciones-230x153.jpeg 230w, https:\/\/www.trmanagementsac.com\/inicio\/wp-content\/uploads\/2021\/11\/evaluaciones-350x233.jpeg 350w, https:\/\/www.trmanagementsac.com\/inicio\/wp-content\/uploads\/2021\/11\/evaluaciones-480x320.jpeg 480w, https:\/\/www.trmanagementsac.com\/inicio\/wp-content\/uploads\/2021\/11\/evaluaciones.jpeg 1280w\" sizes=\"(max-width: 1024px) 100vw, 1024px\" \/>\t\t\t\t\t\t\t\t\t\t\t\t\t\t\t<\/div>\n\t\t\t\t<\/div>\n\t\t\t\t\t<\/div>\n\t\t<\/div>\n\t\t\t\t<div class=\"elementor-column elementor-col-50 elementor-inner-column elementor-element elementor-element-2e55f70\" data-id=\"2e55f70\" data-element_type=\"column\">\n\t\t\t<div class=\"elementor-widget-wrap elementor-element-populated\">\n\t\t\t\t\t\t<div class=\"elementor-element elementor-element-18249ee elementor-widget elementor-widget-heading\" data-id=\"18249ee\" data-element_type=\"widget\" data-widget_type=\"heading.default\">\n\t\t\t\t<div class=\"elementor-widget-container\">\n\t\t\t\t\t<h2 class=\"elementor-heading-title elementor-size-large\">Evaluaciones<\/h2>\t\t\t\t<\/div>\n\t\t\t\t<\/div>\n\t\t\t\t<div class=\"elementor-element elementor-element-2b5cd43 elementor-widget elementor-widget-text-editor\" data-id=\"2b5cd43\" data-element_type=\"widget\" data-widget_type=\"text-editor.default\">\n\t\t\t\t<div class=\"elementor-widget-container\">\n\t\t\t\t\t\t\t\t\t<p>Contamos con un ERP a medida desarrollado por nuestro equipo de programadores que ofrece una platafoma en l\u00ednea complementaria a la evaluaci\u00f3n tradicional para la aplicaci\u00f3n de bater\u00edas de pruebas psicom\u00e9tricas, de inteligencia, competencias, entre otras; de acuerdo a los perfiles asignados. \u00a0Ello nos permite la trasabilidad entre la evaluaci\u00f3n tradicional y el soporte de la tecnolog\u00eda puesta a su servicio.<\/p><p>Dentro de las evaluaciones, ofrecemos las siguientes:<\/p><ul><li>Competencias.<\/li><li>Potencial.<\/li><li>Assessment Center.<\/li><li>Evaluaciones por Desempe\u00f1o.<\/li><li>Levantamiento, implementaci\u00f3n y Desarrollo de herramientas de evaluaci\u00f3n a medida.<\/li><\/ul>\t\t\t\t\t\t\t\t<\/div>\n\t\t\t\t<\/div>\n\t\t\t\t\t<\/div>\n\t\t<\/div>\n\t\t\t\t\t<\/div>\n\t\t<\/section>\n\t\t\t\t<div class=\"elementor-element elementor-element-d76d06f elementor-widget-divider--view-line elementor-widget elementor-widget-divider\" data-id=\"d76d06f\" data-element_type=\"widget\" data-widget_type=\"divider.default\">\n\t\t\t\t<div class=\"elementor-widget-container\">\n\t\t\t\t\t\t\t<div class=\"elementor-divider\">\n\t\t\t<span class=\"elementor-divider-separator\">\n\t\t\t\t\t\t<\/span>\n\t\t<\/div>\n\t\t\t\t\t\t<\/div>\n\t\t\t\t<\/div>\n\t\t\t\t<section class=\"elementor-section elementor-inner-section elementor-element elementor-element-c65572e elementor-section-boxed elementor-section-height-default elementor-section-height-default\" data-id=\"c65572e\" data-element_type=\"section\">\n\t\t\t\t\t\t<div class=\"elementor-container elementor-column-gap-default\">\n\t\t\t\t\t<div class=\"elementor-column elementor-col-50 elementor-inner-column elementor-element elementor-element-d04a896\" data-id=\"d04a896\" data-element_type=\"column\">\n\t\t\t<div class=\"elementor-widget-wrap elementor-element-populated\">\n\t\t\t\t\t\t<div class=\"elementor-element elementor-element-9c68d71 elementor-widget elementor-widget-image\" data-id=\"9c68d71\" data-element_type=\"widget\" data-widget_type=\"image.default\">\n\t\t\t\t<div class=\"elementor-widget-container\">\n\t\t\t\t\t\t\t\t\t\t\t\t\t\t\t<img loading=\"lazy\" decoding=\"async\" width=\"500\" height=\"445\" src=\"https:\/\/www.trmanagementsac.com\/inicio\/wp-content\/uploads\/2021\/11\/capacitaciones-1.jpg\" class=\"attachment-large size-large wp-image-984\" alt=\"\" srcset=\"https:\/\/www.trmanagementsac.com\/inicio\/wp-content\/uploads\/2021\/11\/capacitaciones-1.jpg 500w, https:\/\/www.trmanagementsac.com\/inicio\/wp-content\/uploads\/2021\/11\/capacitaciones-1-400x356.jpg 400w, https:\/\/www.trmanagementsac.com\/inicio\/wp-content\/uploads\/2021\/11\/capacitaciones-1-230x205.jpg 230w, https:\/\/www.trmanagementsac.com\/inicio\/wp-content\/uploads\/2021\/11\/capacitaciones-1-350x312.jpg 350w, https:\/\/www.trmanagementsac.com\/inicio\/wp-content\/uploads\/2021\/11\/capacitaciones-1-480x427.jpg 480w\" sizes=\"(max-width: 500px) 100vw, 500px\" \/>\t\t\t\t\t\t\t\t\t\t\t\t\t\t\t<\/div>\n\t\t\t\t<\/div>\n\t\t\t\t\t<\/div>\n\t\t<\/div>\n\t\t\t\t<div class=\"elementor-column elementor-col-50 elementor-inner-column elementor-element elementor-element-ff0e716\" data-id=\"ff0e716\" data-element_type=\"column\">\n\t\t\t<div class=\"elementor-widget-wrap elementor-element-populated\">\n\t\t\t\t\t\t<div class=\"elementor-element elementor-element-0eb9c8d elementor-widget elementor-widget-heading\" data-id=\"0eb9c8d\" data-element_type=\"widget\" data-widget_type=\"heading.default\">\n\t\t\t\t<div class=\"elementor-widget-container\">\n\t\t\t\t\t<h2 class=\"elementor-heading-title elementor-size-large\">Capacitaci\u00f3n<\/h2>\t\t\t\t<\/div>\n\t\t\t\t<\/div>\n\t\t\t\t<div class=\"elementor-element elementor-element-7a3fb71 elementor-widget elementor-widget-text-editor\" data-id=\"7a3fb71\" data-element_type=\"widget\" data-widget_type=\"text-editor.default\">\n\t\t\t\t<div class=\"elementor-widget-container\">\n\t\t\t\t\t\t\t\t\t<p>Contamos con experiencia desarrollando planes de capacitaci\u00f3n en modalidad presencial y virtual.<\/p><p>Todos nuestros cursos son desarrollados a medida, adapt\u00e1ndonos incluso a esquemas mixtos (Presencial e E-learning) en donde se interact\u00faa y refuerza el aprendizaje con nuestra Plataforma interactiva en la que ambas partes pueden tener acceso a las evaluaciones incluidas en los cursos de forma din\u00e1mica e interactiva . Ello guardando los mayores est\u00e1ndares de calidad y confidencialidad entre empresa y proveedor.<\/p>\t\t\t\t\t\t\t\t<\/div>\n\t\t\t\t<\/div>\n\t\t\t\t\t<\/div>\n\t\t<\/div>\n\t\t\t\t\t<\/div>\n\t\t<\/section>\n\t\t\t\t\t<\/div>\n\t\t<\/div>\n\t\t\t\t\t<\/div>\n\t\t<\/section>\n\t\t\t\t<\/div>\n\t\t","protected":false},"excerpt":{"rendered":"<p>Potencie sus equipos de alto rendimiento con nuestros servicios de Hunting Boutique, RPO, Evaluaciones, Estudios de bandas salariales y Capacitaci\u00f3n. Recursos que [&hellip;]<\/p>\n","protected":false},"author":1,"featured_media":0,"parent":0,"menu_order":0,"comment_status":"closed","ping_status":"closed","template":"page-templates\/page_fullwidth.php","meta":{"footnotes":""},"class_list":["post-121","page","type-page","status-publish","hentry"],"_links":{"self":[{"href":"https:\/\/www.trmanagementsac.com\/inicio\/wp-json\/wp\/v2\/pages\/121","targetHints":{"allow":["GET"]}}],"collection":[{"href":"https:\/\/www.trmanagementsac.com\/inicio\/wp-json\/wp\/v2\/pages"}],"about":[{"href":"https:\/\/www.trmanagementsac.com\/inicio\/wp-json\/wp\/v2\/types\/page"}],"author":[{"embeddable":true,"href":"https:\/\/www.trmanagementsac.com\/inicio\/wp-json\/wp\/v2\/users\/1"}],"replies":[{"embeddable":true,"href":"https:\/\/www.trmanagementsac.com\/inicio\/wp-json\/wp\/v2\/comments?post=121"}],"version-history":[{"count":71,"href":"https:\/\/www.trmanagementsac.com\/inicio\/wp-json\/wp\/v2\/pages\/121\/revisions"}],"predecessor-version":[{"id":1062,"href":"https:\/\/www.trmanagementsac.com\/inicio\/wp-json\/wp\/v2\/pages\/121\/revisions\/1062"}],"wp:attachment":[{"href":"https:\/\/www.trmanagementsac.com\/inicio\/wp-json\/wp\/v2\/media?parent=121"}],"curies":[{"name":"wp","href":"https:\/\/api.w.org\/{rel}","templated":true}]}}